{"id":2,"date":"2024-07-16T15:05:31","date_gmt":"2024-07-16T13:05:31","guid":{"rendered":"https:\/\/compassodorointernational.com\/?page_id=2"},"modified":"2024-09-17T09:40:07","modified_gmt":"2024-09-17T07:40:07","slug":"expo-2025","status":"publish","type":"page","link":"https:\/\/compassodorointernational.com\/it\/expo-2025\/","title":{"rendered":"Expo 2025"},"content":{"rendered":"<section class=\"wp-block-evidenzio-columns mt-6\"><div class=\"container\"><div class=\"row\"><div class=\"wp-block-evidenzio-column col-12 col-md-12 col-lg-12\"><p class=\"has-large-font-size\"><strong>Expo 2025 \u201cDesigning Future Society for our Lives\u201d<\/strong><\/p>\n\n<p class=\"has-large-font-size\">Il tema &#8220;Progettare la Societ\u00e0 del Futuro per la Nostra Vita&#8221; invita le persone a riflettere su come vogliono vivere e come possono massimizzare il loro potenziale. Si propone inoltre di promuovere la co-creazione da parte della comunit\u00e0 internazionale nella progettazione di una societ\u00e0 sostenibile che supporti le idee degli individui su come desiderano vivere.<\/p>\n\n<p class=\"has-medium-font-size\">In altre parole, l&#8217;Expo porr\u00e0 a tutti una domanda semplice: &#8220;Qual \u00e8 il modo felice di vivere?&#8221;, per la prima volta. L&#8217;Expo risponder\u00e0 a questo periodo in cui emergono nuove sfide sociali, come l&#8217;ampliamento dei divari economici e l&#8217;aumento dei conflitti, mentre le tecnologie scientifiche, come l&#8217;intelligenza artificiale e le biotecnologie, stanno evolvendo e apportando cambiamenti all&#8217;umanit\u00e0, ad esempio con l&#8217;allungamento della durata della vita.<br>Mentre i valori e i modi di vivere sono diventati sempre pi\u00f9 diversificati negli ultimi anni, le innovazioni tecnologiche permettono a chiunque di accedere e comunicare una quantit\u00e0 di informazioni finora impensabile. Considerando appieno questi progressi, l&#8217;Expo 2025 di Osaka, Kansai, Giappone, si concentrer\u00e0 su iniziative avanzate come la salute, la medicina, la neutralit\u00e0 carbonica e la digitalizzazione, raccogliendo saggezza e le migliori pratiche da tutto il mondo per fornire soluzioni a diverse questioni, tenendo conto di valori diversificati.<\/p>\n\n<p class=\"has-medium-font-size\"><\/p>\n\n<p class=\"has-medium-font-size\"><strong>Sottotemi<\/strong><\/p>\n\n<p>Per approfondire ulteriormente la discussione sulla &#8220;vita&#8221; come elemento centrale del tema dell&#8217;Expo, sono stati stabiliti tre sottotemi: Salvare le Vite, Potenziare le Vite e Connettere le Vite.<br>Le vite a cui si fa riferimento in questi sottotemi non riguardano solo la vita quotidiana o la durata della vita di una persona, ma anche la vita intesa come ci\u00f2 che rende vivi tutti e tutto.<br>La cultura giapponese si basa da tempo sulla convinzione che qualsiasi materiale, dalle creature viventi fino anche a un ciottolo lungo la strada, abbia una vita intrinseca. Tenendo presente ci\u00f2, l&#8217;Expo invita a considerare la &#8220;vita&#8221; non solo per gli esseri umani, ma anche in un senso pi\u00f9 ampio, che include le diverse creazioni e la natura che circondano l&#8217;uomo.<\/p><\/div><\/div><\/div><\/section><section class=\"wp-block-evidenzio-columns mt-2 macrotemi\"><div class=\"container py-2 py-lg-5\"><div class=\"row\"><div class=\"wp-block-evidenzio-column col-12 col-md-12 col-lg-12 mt-2\"><section class=\"wp-block-evidenzio-columns\"><div class=\"container\"><div class=\"row\"><div class=\"wp-block-evidenzio-column col-12 col-md-12 col-lg-4\"><p class=\"has-large-font-size\">01<\/p>\n\n<span class=\"wp-block-evidenzio-ev-title titolo_pb d-block h1 has-text-align-undefined\">Salvare le Vite<\/span><\/div>\n\n<div class=\"wp-block-evidenzio-column col-12 col-md-12 col-lg-8\"><p>Il sottotema &#8220;Salvare le Vite&#8221; si concentra sulla protezione delle vite. Questo sottotema pu\u00f2 essere associato a parole chiave pi\u00f9 specifiche, come le misure contro le malattie infettive attraverso il miglioramento della salute pubblica, garantire la sicurezza con iniziative di preparazione ai disastri e riduzione dei rischi, e la coesistenza armoniosa con la natura.<\/p><\/div>\n\n<div class=\"wp-block-evidenzio-column col-12 col-md-12 col-lg-12\"><hr class=\"wp-block-separator has-alpha-channel-opacity\"\/><\/div><\/div><\/div><\/section><\/div>\n\n<div class=\"wp-block-evidenzio-column col-12 col-md-12 col-lg-12 mt-2\"><section class=\"wp-block-evidenzio-columns\"><div class=\"container\"><div class=\"row\"><div class=\"wp-block-evidenzio-column col-12 col-md-12 col-lg-4\"><p class=\"has-large-font-size\">02<\/p>\n\n<span class=\"wp-block-evidenzio-ev-title titolo_pb d-block h1 has-text-align-undefined\">Potenziare le Vite<\/span><\/div>\n\n<div class=\"wp-block-evidenzio-column col-12 col-md-12 col-lg-8\"><p>Potenziare le Vite si concentra sull&#8217;arricchimento della vita degli individui e sull&#8217;espansione del loro potenziale. Le esposizioni su questo tema potrebbero includere, ad esempio, l&#8217;educazione a distanza di alta qualit\u00e0 attraverso l&#8217;uso delle tecnologie ICT; l&#8217;estensione della durata di vita sana grazie a un esercizio fisico e una dieta appropriati; e la massimizzazione del potenziale umano attraverso l&#8217;uso dell&#8217;intelligenza artificiale e della robotica.<\/p><\/div>\n\n<div class=\"wp-block-evidenzio-column col-12 col-md-12 col-lg-12\"><hr class=\"wp-block-separator has-alpha-channel-opacity\"\/><\/div><\/div><\/div><\/section><\/div>\n\n<div class=\"wp-block-evidenzio-column col-12 col-md-12 col-lg-12 mt-2\"><section class=\"wp-block-evidenzio-columns\"><div class=\"container\"><div class=\"row\"><div class=\"wp-block-evidenzio-column col-12 col-md-12 col-lg-4\"><p class=\"has-large-font-size\">03<\/p>\n\n<span class=\"wp-block-evidenzio-ev-title titolo_pb d-block h1 has-text-align-undefined\">Connettere le Vite<\/span><\/div>\n\n<div class=\"wp-block-evidenzio-column col-12 col-md-12 col-lg-8\"><p>Il sottotema &#8220;Connettere le Vite&#8221; si concentra sull&#8217;inclusione di tutti, sulla costruzione di comunit\u00e0 e sull&#8217;arricchimento della societ\u00e0. Questo sottotema pu\u00f2 essere associato a parole chiave pi\u00f9 specifiche, come il potere delle partnership e della co-creazione, le comunicazioni avanzate abilitate dalle ICT e la progettazione di una societ\u00e0 basata sui dati.<br><\/p><\/div>\n\n<div class=\"wp-block-evidenzio-column col-12 col-md-12 col-lg-12\"><hr class=\"wp-block-separator has-alpha-channel-opacity\"\/><\/div><\/div><\/div><\/section>\n\n<p>Il concetto dell&#8217;Expo 2025 Osaka Kansai \u00e8 &#8220;Living Lab delle Persone&#8221;. Questo concetto rappresenta l&#8217;approccio dell&#8217;Expo per mettere in pratica il suo tema e funge da linea guida per l&#8217;implementazione pratica dei progetti. La caratteristica pi\u00f9 distintiva dell&#8217;Expo sar\u00e0 lo sforzo di offrire un&#8217;immagine realistica di una societ\u00e0 futura, non solo attraverso il pensiero, ma anche attraverso l&#8217;azione.<\/p><\/div><\/div><\/div><\/section><section class=\"wp-block-evidenzio-columns cta_home\"><div class=\"container-fluid\"><div class=\"row\"><div class=\"wp-block-evidenzio-column col-12 col-md-12 col-lg-6\"><div class=\"wp-block-buttons is-content-justification-center is-layout-flex wp-container-core-buttons-is-layout-16018d1d wp-block-buttons-is-layout-flex\"><div class=\"wp-block-button is-style-primary-button\"><a class=\"wp-block-button__link wp-element-button\" href=\"https:\/\/compassodorointernational.com\/regolamento\/\">Scopri il regolamento<\/a><\/div><\/div><\/div>\n\n<div class=\"wp-block-evidenzio-column col-12 col-md-12 col-lg-6\"><div class=\"wp-block-buttons is-content-justification-center is-layout-flex wp-container-core-buttons-is-layout-16018d1d wp-block-buttons-is-layout-flex\"><div class=\"wp-block-button is-style-secondary-button\"><a class=\"wp-block-button__link wp-element-button\" href=\"https:\/\/compassodorointernational.com\/registrazione\/\">Iscriviti al premio<\/a><\/div><\/div><\/div><\/div><\/div><\/section>","protected":false},"excerpt":{"rendered":"","protected":false},"author":1,"featured_media":0,"parent":0,"menu_order":0,"comment_status":"closed","ping_status":"open","template":"","meta":{"_acf_changed":false,"inline_featured_image":false,"footnotes":""},"class_list":["post-2","page","type-page","status-publish","hentry"],"acf":[],"yoast_head":"<!-- This site is optimized with the Yoast SEO plugin v25.0 - https:\/\/yoast.com\/wordpress\/plugins\/seo\/ -->\n<title>Expo 2025 - Adi Compasso d&#039;oro International<\/title>\n<meta name=\"robots\" content=\"index, follow, max-snippet:-1, max-image-preview:large, max-video-preview:-1\" \/>\n<link rel=\"canonical\" href=\"https:\/\/compassodorointernational.com\/it\/expo-2025\/\" \/>\n<meta property=\"og:locale\" content=\"it_IT\" \/>\n<meta property=\"og:type\" content=\"article\" \/>\n<meta property=\"og:title\" content=\"Expo 2025 - Adi Compasso d&#039;oro International\" \/>\n<meta property=\"og:url\" content=\"https:\/\/compassodorointernational.com\/it\/expo-2025\/\" \/>\n<meta property=\"og:site_name\" content=\"Adi Compasso d&#039;oro International\" \/>\n<meta property=\"article:modified_time\" content=\"2024-09-17T07:40:07+00:00\" \/>\n<meta name=\"twitter:card\" content=\"summary_large_image\" \/>\n<meta name=\"twitter:label1\" content=\"Tempo di lettura stimato\" \/>\n\t<meta name=\"twitter:data1\" content=\"3 minuti\" \/>\n<script type=\"application\/ld+json\" class=\"yoast-schema-graph\">{\"@context\":\"https:\/\/schema.org\",\"@graph\":[{\"@type\":\"WebPage\",\"@id\":\"https:\/\/compassodorointernational.com\/it\/expo-2025\/\",\"url\":\"https:\/\/compassodorointernational.com\/it\/expo-2025\/\",\"name\":\"Expo 2025 - Adi Compasso d&#039;oro International\",\"isPartOf\":{\"@id\":\"https:\/\/compassodorointernational.com\/it\/#website\"},\"datePublished\":\"2024-07-16T13:05:31+00:00\",\"dateModified\":\"2024-09-17T07:40:07+00:00\",\"breadcrumb\":{\"@id\":\"https:\/\/compassodorointernational.com\/it\/expo-2025\/#breadcrumb\"},\"inLanguage\":\"it-IT\",\"potentialAction\":[{\"@type\":\"ReadAction\",\"target\":[\"https:\/\/compassodorointernational.com\/it\/expo-2025\/\"]}]},{\"@type\":\"BreadcrumbList\",\"@id\":\"https:\/\/compassodorointernational.com\/it\/expo-2025\/#breadcrumb\",\"itemListElement\":[{\"@type\":\"ListItem\",\"position\":1,\"name\":\"Home\",\"item\":\"https:\/\/compassodorointernational.com\/it\/\"},{\"@type\":\"ListItem\",\"position\":2,\"name\":\"Expo 2025\"}]},{\"@type\":\"WebSite\",\"@id\":\"https:\/\/compassodorointernational.com\/it\/#website\",\"url\":\"https:\/\/compassodorointernational.com\/it\/\",\"name\":\"Adi Compasso d&#039;oro International\",\"description\":\"\",\"potentialAction\":[{\"@type\":\"SearchAction\",\"target\":{\"@type\":\"EntryPoint\",\"urlTemplate\":\"https:\/\/compassodorointernational.com\/it\/?s={search_term_string}\"},\"query-input\":{\"@type\":\"PropertyValueSpecification\",\"valueRequired\":true,\"valueName\":\"search_term_string\"}}],\"inLanguage\":\"it-IT\"}]}<\/script>\n<!-- \/ Yoast SEO plugin. -->","yoast_head_json":{"title":"Expo 2025 - Adi Compasso d&#039;oro International","robots":{"index":"index","follow":"follow","max-snippet":"max-snippet:-1","max-image-preview":"max-image-preview:large","max-video-preview":"max-video-preview:-1"},"canonical":"https:\/\/compassodorointernational.com\/it\/expo-2025\/","og_locale":"it_IT","og_type":"article","og_title":"Expo 2025 - Adi Compasso d&#039;oro International","og_url":"https:\/\/compassodorointernational.com\/it\/expo-2025\/","og_site_name":"Adi Compasso d&#039;oro International","article_modified_time":"2024-09-17T07:40:07+00:00","twitter_card":"summary_large_image","twitter_misc":{"Tempo di lettura stimato":"3 minuti"},"schema":{"@context":"https:\/\/schema.org","@graph":[{"@type":"WebPage","@id":"https:\/\/compassodorointernational.com\/it\/expo-2025\/","url":"https:\/\/compassodorointernational.com\/it\/expo-2025\/","name":"Expo 2025 - Adi Compasso d&#039;oro International","isPartOf":{"@id":"https:\/\/compassodorointernational.com\/it\/#website"},"datePublished":"2024-07-16T13:05:31+00:00","dateModified":"2024-09-17T07:40:07+00:00","breadcrumb":{"@id":"https:\/\/compassodorointernational.com\/it\/expo-2025\/#breadcrumb"},"inLanguage":"it-IT","potentialAction":[{"@type":"ReadAction","target":["https:\/\/compassodorointernational.com\/it\/expo-2025\/"]}]},{"@type":"BreadcrumbList","@id":"https:\/\/compassodorointernational.com\/it\/expo-2025\/#breadcrumb","itemListElement":[{"@type":"ListItem","position":1,"name":"Home","item":"https:\/\/compassodorointernational.com\/it\/"},{"@type":"ListItem","position":2,"name":"Expo 2025"}]},{"@type":"WebSite","@id":"https:\/\/compassodorointernational.com\/it\/#website","url":"https:\/\/compassodorointernational.com\/it\/","name":"Adi Compasso d&#039;oro International","description":"","potentialAction":[{"@type":"SearchAction","target":{"@type":"EntryPoint","urlTemplate":"https:\/\/compassodorointernational.com\/it\/?s={search_term_string}"},"query-input":{"@type":"PropertyValueSpecification","valueRequired":true,"valueName":"search_term_string"}}],"inLanguage":"it-IT"}]}},"_links":{"self":[{"href":"https:\/\/compassodorointernational.com\/it\/wp-json\/wp\/v2\/pages\/2","targetHints":{"allow":["GET"]}}],"collection":[{"href":"https:\/\/compassodorointernational.com\/it\/wp-json\/wp\/v2\/pages"}],"about":[{"href":"https:\/\/compassodorointernational.com\/it\/wp-json\/wp\/v2\/types\/page"}],"author":[{"embeddable":true,"href":"https:\/\/compassodorointernational.com\/it\/wp-json\/wp\/v2\/users\/1"}],"replies":[{"embeddable":true,"href":"https:\/\/compassodorointernational.com\/it\/wp-json\/wp\/v2\/comments?post=2"}],"version-history":[{"count":36,"href":"https:\/\/compassodorointernational.com\/it\/wp-json\/wp\/v2\/pages\/2\/revisions"}],"predecessor-version":[{"id":2089,"href":"https:\/\/compassodorointernational.com\/it\/wp-json\/wp\/v2\/pages\/2\/revisions\/2089"}],"wp:attachment":[{"href":"https:\/\/compassodorointernational.com\/it\/wp-json\/wp\/v2\/media?parent=2"}],"curies":[{"name":"wp","href":"https:\/\/api.w.org\/{rel}","templated":true}]}}

<section class="wp-block-evidenzio-columns mt-6"><div class="container"><div class="row"><div class="wp-block-evidenzio-column col-12 col-md-12 col-lg-12"><p class="has-large-font-size"><strong>Expo 2025 “Designing Future Society for our Lives”</strong></p>

<p class="has-large-font-size">Il tema &#8220;Progettare la Società del Futuro per la Nostra Vita&#8221; invita le persone a riflettere su come vogliono vivere e come possono massimizzare il loro potenziale. Si propone inoltre di promuovere la co-creazione da parte della comunità internazionale nella progettazione di una società sostenibile che supporti le idee degli individui su come desiderano vivere.</p>

<p class="has-medium-font-size">In altre parole, l&#8217;Expo porrà a tutti una domanda semplice: &#8220;Qual è il modo felice di vivere?&#8221;, per la prima volta. L&#8217;Expo risponderà a questo periodo in cui emergono nuove sfide sociali, come l&#8217;ampliamento dei divari economici e l&#8217;aumento dei conflitti, mentre le tecnologie scientifiche, come l&#8217;intelligenza artificiale e le biotecnologie, stanno evolvendo e apportando cambiamenti all&#8217;umanità, ad esempio con l&#8217;allungamento della durata della vita.<br>Mentre i valori e i modi di vivere sono diventati sempre più diversificati negli ultimi anni, le innovazioni tecnologiche permettono a chiunque di accedere e comunicare una quantità di informazioni finora impensabile. Considerando appieno questi progressi, l&#8217;Expo 2025 di Osaka, Kansai, Giappone, si concentrerà su iniziative avanzate come la salute, la medicina, la neutralità carbonica e la digitalizzazione, raccogliendo saggezza e le migliori pratiche da tutto il mondo per fornire soluzioni a diverse questioni, tenendo conto di valori diversificati.</p>

<p class="has-medium-font-size"></p>

<p class="has-medium-font-size"><strong>Sottotemi</strong></p>

<p>Per approfondire ulteriormente la discussione sulla &#8220;vita&#8221; come elemento centrale del tema dell&#8217;Expo, sono stati stabiliti tre sottotemi: Salvare le Vite, Potenziare le Vite e Connettere le Vite.<br>Le vite a cui si fa riferimento in questi sottotemi non riguardano solo la vita quotidiana o la durata della vita di una persona, ma anche la vita intesa come ciò che rende vivi tutti e tutto.<br>La cultura giapponese si basa da tempo sulla convinzione che qualsiasi materiale, dalle creature viventi fino anche a un ciottolo lungo la strada, abbia una vita intrinseca. Tenendo presente ciò, l&#8217;Expo invita a considerare la &#8220;vita&#8221; non solo per gli esseri umani, ma anche in un senso più ampio, che include le diverse creazioni e la natura che circondano l&#8217;uomo.</p></div></div></div></section><section class="wp-block-evidenzio-columns mt-2 macrotemi"><div class="container py-2 py-lg-5"><div class="row"><div class="wp-block-evidenzio-column col-12 col-md-12 col-lg-12 mt-2"><section class="wp-block-evidenzio-columns"><div class="container"><div class="row"><div class="wp-block-evidenzio-column col-12 col-md-12 col-lg-4"><p class="has-large-font-size">01</p>

<span class="wp-block-evidenzio-ev-title titolo_pb d-block h1 has-text-align-undefined">Salvare le Vite</span></div>

<div class="wp-block-evidenzio-column col-12 col-md-12 col-lg-8"><p>Il sottotema &#8220;Salvare le Vite&#8221; si concentra sulla protezione delle vite. Questo sottotema può essere associato a parole chiave più specifiche, come le misure contro le malattie infettive attraverso il miglioramento della salute pubblica, garantire la sicurezza con iniziative di preparazione ai disastri e riduzione dei rischi, e la coesistenza armoniosa con la natura.</p></div>

<div class="wp-block-evidenzio-column col-12 col-md-12 col-lg-12"><hr class="wp-block-separator has-alpha-channel-opacity"/></div></div></div></section></div>

<div class="wp-block-evidenzio-column col-12 col-md-12 col-lg-12 mt-2"><section class="wp-block-evidenzio-columns"><div class="container"><div class="row"><div class="wp-block-evidenzio-column col-12 col-md-12 col-lg-4"><p class="has-large-font-size">02</p>

<span class="wp-block-evidenzio-ev-title titolo_pb d-block h1 has-text-align-undefined">Potenziare le Vite</span></div>

<div class="wp-block-evidenzio-column col-12 col-md-12 col-lg-8"><p>Potenziare le Vite si concentra sull&#8217;arricchimento della vita degli individui e sull&#8217;espansione del loro potenziale. Le esposizioni su questo tema potrebbero includere, ad esempio, l&#8217;educazione a distanza di alta qualità attraverso l&#8217;uso delle tecnologie ICT; l&#8217;estensione della durata di vita sana grazie a un esercizio fisico e una dieta appropriati; e la massimizzazione del potenziale umano attraverso l&#8217;uso dell&#8217;intelligenza artificiale e della robotica.</p></div>

<div class="wp-block-evidenzio-column col-12 col-md-12 col-lg-12"><hr class="wp-block-separator has-alpha-channel-opacity"/></div></div></div></section></div>

<div class="wp-block-evidenzio-column col-12 col-md-12 col-lg-12 mt-2"><section class="wp-block-evidenzio-columns"><div class="container"><div class="row"><div class="wp-block-evidenzio-column col-12 col-md-12 col-lg-4"><p class="has-large-font-size">03</p>

<span class="wp-block-evidenzio-ev-title titolo_pb d-block h1 has-text-align-undefined">Connettere le Vite</span></div>

<div class="wp-block-evidenzio-column col-12 col-md-12 col-lg-8"><p>Il sottotema &#8220;Connettere le Vite&#8221; si concentra sull&#8217;inclusione di tutti, sulla costruzione di comunità e sull&#8217;arricchimento della società. Questo sottotema può essere associato a parole chiave più specifiche, come il potere delle partnership e della co-creazione, le comunicazioni avanzate abilitate dalle ICT e la progettazione di una società basata sui dati.<br></p></div>

<div class="wp-block-evidenzio-column col-12 col-md-12 col-lg-12"><hr class="wp-block-separator has-alpha-channel-opacity"/></div></div></div></section>

<p>Il concetto dell&#8217;Expo 2025 Osaka Kansai è &#8220;Living Lab delle Persone&#8221;. Questo concetto rappresenta l&#8217;approccio dell&#8217;Expo per mettere in pratica il suo tema e funge da linea guida per l&#8217;implementazione pratica dei progetti. La caratteristica più distintiva dell&#8217;Expo sarà lo sforzo di offrire un&#8217;immagine realistica di una società futura, non solo attraverso il pensiero, ma anche attraverso l&#8217;azione.</p></div></div></div></section><section class="wp-block-evidenzio-columns cta_home"><div class="container-fluid"><div class="row"><div class="wp-block-evidenzio-column col-12 col-md-12 col-lg-6"><div class="wp-block-buttons is-content-justification-center is-layout-flex wp-container-core-buttons-is-layout-16018d1d wp-block-buttons-is-layout-flex"><div class="wp-block-button is-style-primary-button"><a class="wp-block-button__link wp-element-button" href="https://compassodorointernational.com/regolamento/">Scopri il regolamento</a></div></div></div>

<div class="wp-block-evidenzio-column col-12 col-md-12 col-lg-6"><div class="wp-block-buttons is-content-justification-center is-layout-flex wp-container-core-buttons-is-layout-16018d1d wp-block-buttons-is-layout-flex"><div class="wp-block-button is-style-secondary-button"><a class="wp-block-button__link wp-element-button" href="https://compassodorointernational.com/registrazione/">Iscriviti al premio</a></div></div></div></div></div></section>
